{"id":2014,"date":"2025-06-10T10:19:16","date_gmt":"2025-06-10T08:19:16","guid":{"rendered":"https:\/\/sarlflanquart-espacesverts.fr\/?page_id=2014"},"modified":"2025-07-17T16:35:01","modified_gmt":"2025-07-17T14:35:01","slug":"devis","status":"publish","type":"page","link":"https:\/\/sarlflanquart-espacesverts.fr\/devis\/","title":{"rendered":"Devis"},"content":{"rendered":"\t\t<div data-elementor-type=\"wp-page\" data-elementor-id=\"2014\" class=\"elementor elementor-2014\" data-elementor-post-type=\"page\">\n\t\t\t\t\t\t<section class=\"elementor-section elementor-top-section elementor-element elementor-element-1b63ed92 elementor-section-height-min-height elementor-section-stretched elementor-section-full_width elementor-section-height-default elementor-section-items-middle wpr-particle-no wpr-jarallax-no wpr-parallax-no wpr-sticky-section-no wpr-equal-height-no\" data-id=\"1b63ed92\" data-element_type=\"section\" data-e-type=\"section\" data-settings=\"{&quot;stretch_section&quot;:&quot;section-stretched&quot;,&quot;background_background&quot;:&quot;classic&quot;}\">\n\t\t\t\t\t\t\t<div class=\"elementor-background-overlay\"><\/div>\n\t\t\t\t\t\t\t<div class=\"elementor-container elementor-column-gap-default\">\n\t\t\t\t\t<div class=\"elementor-column elementor-col-100 elementor-top-column elementor-element elementor-element-3ea986e9\" data-id=\"3ea986e9\" data-element_type=\"column\" data-e-type=\"column\">\n\t\t\t<div class=\"elementor-widget-wrap elementor-element-populated\">\n\t\t\t\t\t\t<div class=\"elementor-element elementor-element-5b083607 elementor-widget elementor-widget-heading\" data-id=\"5b083607\" data-element_type=\"widget\" data-e-type=\"widget\" data-widget_type=\"heading.default\">\n\t\t\t\t<div class=\"elementor-widget-container\">\n\t\t\t\t\t<span class=\"elementor-heading-title elementor-size-default\"><a href=\"#\">Devis<\/a><\/span>\t\t\t\t<\/div>\n\t\t\t\t<\/div>\n\t\t\t\t\t<\/div>\n\t\t<\/div>\n\t\t\t\t\t<\/div>\n\t\t<\/section>\n\t\t\t\t<section class=\"elementor-section elementor-top-section elementor-element elementor-element-42e03daf elementor-section-content-middle elementor-section-stretched elementor-reverse-tablet elementor-reverse-mobile elementor-section-boxed elementor-section-height-default elementor-section-height-default wpr-particle-no wpr-jarallax-no wpr-parallax-no wpr-sticky-section-no wpr-equal-height-no\" data-id=\"42e03daf\" data-element_type=\"section\" data-e-type=\"section\" data-settings=\"{&quot;stretch_section&quot;:&quot;section-stretched&quot;}\">\n\t\t\t\t\t\t<div class=\"elementor-container elementor-column-gap-default\">\n\t\t\t\t\t<div class=\"elementor-column elementor-col-100 elementor-top-column elementor-element elementor-element-6428defe\" data-id=\"6428defe\" data-element_type=\"column\" data-e-type=\"column\">\n\t\t\t<div class=\"elementor-widget-wrap elementor-element-populated\">\n\t\t\t\t\t\t<div class=\"elementor-element elementor-element-4189a75d elementor-widget elementor-widget-image\" data-id=\"4189a75d\" data-element_type=\"widget\" data-e-type=\"widget\" data-widget_type=\"image.default\">\n\t\t\t\t<div class=\"elementor-widget-container\">\n\t\t\t\t\t\t\t\t\t\t\t\t\t\t\t<img fetchpriority=\"high\" decoding=\"async\" width=\"218\" height=\"241\" src=\"https:\/\/sarlflanquart-espacesverts.fr\/wp-content\/uploads\/2025\/06\/im.png\" class=\"attachment-large size-large wp-image-2067\" alt=\"Paysagiste \u00e0 Lens \u2013 Guillaume Flanquart | Flanquart SEV\" \/>\t\t\t\t\t\t\t\t\t\t\t\t\t\t\t<\/div>\n\t\t\t\t<\/div>\n\t\t\t\t<div class=\"elementor-element elementor-element-42aff3a animated-slow elementor-invisible elementor-widget elementor-widget-heading\" data-id=\"42aff3a\" data-element_type=\"widget\" data-e-type=\"widget\" data-settings=\"{&quot;_animation&quot;:&quot;fadeInDown&quot;}\" data-widget_type=\"heading.default\">\n\t\t\t\t<div class=\"elementor-widget-container\">\n\t\t\t\t\t<h1 class=\"elementor-heading-title elementor-size-default\">Besoin d'un paysagiste \u00e0 Lens et ses environs ? Demandez un devis personnalis\u00e9\n\n<\/h1>\t\t\t\t<\/div>\n\t\t\t\t<\/div>\n\t\t\t\t<div class=\"elementor-element elementor-element-1c2aba97 elementor-widget-divider--view-line_icon elementor-view-default elementor-widget-divider--element-align-center elementor-widget elementor-widget-divider\" data-id=\"1c2aba97\" data-element_type=\"widget\" data-e-type=\"widget\" data-widget_type=\"divider.default\">\n\t\t\t\t<div class=\"elementor-widget-container\">\n\t\t\t\t\t\t\t<div class=\"elementor-divider\">\n\t\t\t<span class=\"elementor-divider-separator\">\n\t\t\t\t\t\t\t<div class=\"elementor-icon elementor-divider__element\">\n\t\t\t\t\t<i aria-hidden=\"true\" class=\"fas fa-spa\"><\/i><\/div>\n\t\t\t\t\t\t<\/span>\n\t\t<\/div>\n\t\t\t\t\t\t<\/div>\n\t\t\t\t<\/div>\n\t\t\t\t<div class=\"elementor-element elementor-element-6b432b90 elementor-widget elementor-widget-text-editor\" data-id=\"6b432b90\" data-element_type=\"widget\" data-e-type=\"widget\" data-widget_type=\"text-editor.default\">\n\t\t\t\t<div class=\"elementor-widget-container\">\n\t\t\t\t\t\t\t\t\t<p>Vous recherchez un expert pour vos ext\u00e9rieurs ? Demandez d\u00e8s maintenant un devis gratuit et personnalis\u00e9 pour des services adapt\u00e9s \u00e0 vos besoins. Paysagiste \u00e0 Lens, Flanquart Services Espaces Verts, au service des particuliers et des professionnels dans toute la r\u00e9gion.<\/p>\t\t\t\t\t\t\t\t<\/div>\n\t\t\t\t<\/div>\n\t\t\t\t<div class=\"elementor-element elementor-element-b1136a3 elementor-widget elementor-widget-text-editor\" data-id=\"b1136a3\" data-element_type=\"widget\" data-e-type=\"widget\" data-widget_type=\"text-editor.default\">\n\t\t\t\t<div class=\"elementor-widget-container\">\n\t\t\t\t\t\t\t\t\t<p data-prosemirror-content-type=\"node\" data-prosemirror-node-name=\"paragraph\" data-prosemirror-node-block=\"true\" data-pm-slice=\"1 1 []\"><strong data-prosemirror-content-type=\"mark\" data-prosemirror-mark-name=\"strong\">Les devis sont r\u00e9alis\u00e9s uniquement sur rendez-vous.<\/strong><br data-prosemirror-content-type=\"node\" data-prosemirror-node-name=\"hardBreak\" data-prosemirror-node-inline=\"true\" \/><strong data-prosemirror-content-type=\"mark\" data-prosemirror-mark-name=\"strong\">Merci de ne pas envoyer de photos : une \u00e9valuation fiable n\u00e9cessite une visite sur place.<\/strong><\/p>\t\t\t\t\t\t\t\t<\/div>\n\t\t\t\t<\/div>\n\t\t\t\t<div class=\"elementor-element elementor-element-3c09dd9 elementor-widget elementor-widget-htcontactform-addons\" data-id=\"3c09dd9\" data-element_type=\"widget\" data-e-type=\"widget\" data-widget_type=\"htcontactform-addons.default\">\n\t\t\t\t<div class=\"elementor-widget-container\">\n\t\t\t\t\t            <div class=\"htcontact-form-wrapper\" >\n                \n<div class=\"wpcf7 no-js\" id=\"wpcf7-f2479-o1\" lang=\"fr-FR\" dir=\"ltr\" data-wpcf7-id=\"2479\">\n<div class=\"screen-reader-response\"><p role=\"status\" aria-live=\"polite\" aria-atomic=\"true\"><\/p> <ul><\/ul><\/div>\n<form action=\"\/nov-apijson\/wp\/v2\/pages\/2014#wpcf7-f2479-o1\" method=\"post\" class=\"wpcf7-form init\" aria-label=\"Formulaire de contact\" novalidate=\"novalidate\" data-status=\"init\">\n<fieldset class=\"hidden-fields-container\"><input type=\"hidden\" name=\"_wpcf7\" value=\"2479\" \/><input type=\"hidden\" name=\"_wpcf7_version\" value=\"6.1.5\" \/><input type=\"hidden\" name=\"_wpcf7_locale\" value=\"fr_FR\" \/><input type=\"hidden\" name=\"_wpcf7_unit_tag\" value=\"wpcf7-f2479-o1\" \/><input type=\"hidden\" name=\"_wpcf7_container_post\" value=\"0\" \/><input type=\"hidden\" name=\"_wpcf7_posted_data_hash\" value=\"\" \/>\n<\/fieldset>\n<div class=\"col-md-12\">\n\t<p><span class=\"wpcf7-form-control-wrap\" data-name=\"nom\"><input size=\"40\" maxlength=\"400\" class=\"wpcf7-form-control wpcf7-text wpcf7-validates-as-required\" aria-required=\"true\" aria-invalid=\"false\" placeholder=\"Nom*\" value=\"\" type=\"text\" name=\"nom\" \/><\/span>\n\t<\/p>\n<\/div>\n<div class=\"col-md-12\">\n\t<p><span class=\"wpcf7-form-control-wrap\" data-name=\"email\"><input size=\"40\" maxlength=\"400\" class=\"wpcf7-form-control wpcf7-email wpcf7-validates-as-required wpcf7-text wpcf7-validates-as-email\" aria-required=\"true\" aria-invalid=\"false\" placeholder=\"Email*\" value=\"\" type=\"email\" name=\"email\" \/><\/span>\n\t<\/p>\n<\/div>\n<div class=\"col-md-12\">\n\t<p><span class=\"wpcf7-form-control-wrap\" data-name=\"sujet\"><input size=\"40\" maxlength=\"400\" class=\"wpcf7-form-control wpcf7-text wpcf7-validates-as-required\" aria-required=\"true\" aria-invalid=\"false\" placeholder=\"Sujet*\" value=\"\" type=\"text\" name=\"sujet\" \/><\/span>\n\t<\/p>\n<\/div>\n<div class=\"col-md-12\">\n\t<p><label> Prestations<br \/>\n<span class=\"wpcf7-form-control-wrap\" data-name=\"select-686\"><select class=\"wpcf7-form-control wpcf7-select wpcf7-validates-as-required\" aria-required=\"true\" aria-invalid=\"false\" name=\"select-686\"><option value=\"Entretien de jardin\">Entretien de jardin<\/option><option value=\"Am\u00e9nagement ext\u00e9rieur\">Am\u00e9nagement ext\u00e9rieur<\/option><option value=\"Gazon en rouleau\">Gazon en rouleau<\/option><option value=\"Abattage d\u2019arbres\">Abattage d\u2019arbres<\/option><\/select><\/span><br \/>\n<\/label>\n\t<\/p>\n<\/div>\n<div class=\"col-md-12\">\n\t<p><span class=\"wpcf7-form-control-wrap\" data-name=\"message\"><textarea cols=\"40\" rows=\"10\" maxlength=\"2000\" class=\"wpcf7-form-control wpcf7-textarea wpcf7-validates-as-required\" aria-required=\"true\" aria-invalid=\"false\" placeholder=\"Message*\" name=\"message\"><\/textarea><\/span>\n\t<\/p>\n<\/div>\n<div class=\"col-md-12\">\n\t<p><span class=\"wpcf7-form-control-wrap\" data-name=\"checkbox-979\"><span class=\"wpcf7-form-control wpcf7-checkbox wpcf7-validates-as-required\"><span class=\"wpcf7-list-item first last\"><label><input type=\"checkbox\" name=\"checkbox-979[]\" value=\"En soumettant ce formulaire, j\u2019accepte que les informations saisies soient exploit\u00e9es dans le strict cadre de ma demande.\" \/><span class=\"wpcf7-list-item-label\">En soumettant ce formulaire, j\u2019accepte que les informations saisies soient exploit\u00e9es dans le strict cadre de ma demande.<\/span><\/label><\/span><\/span><\/span>\n\t<\/p>\n<\/div>\n<div class=\"col-md-12\">\n\t<p><input class=\"wpcf7-form-control wpcf7-submit has-spinner\" type=\"submit\" value=\"Envoyer\" \/>\n\t<\/p>\n<\/div>\n<div class=\"col-md-12 ml\">\n\t<p>* Ces champs sont obligatoires\n\t<\/p>\n\t<p>Nous nous engageons \u00e0 ce que la collecte et le traitement de vos donn\u00e9es effectu\u00e9es \u00e0 partir du pr\u00e9sent site internet soit conforme \u00e0 la loi informatique et libert\u00e9s et au r\u00e8glement g\u00e9n\u00e9ral sur la protection des donn\u00e9es personnelles (RGPD). Afin d\u2019exercer vos droits, notamment d\u2019acc\u00e8s, de correction ou de retrait de vos donn\u00e9es personnelles collect\u00e9es via ce formulaire, consultez notre <a href=\"\/politique-de-confidentialite\">Politique de confidentialit\u00e9<\/a>.\n\t<\/p>\n\t<p>Conform\u00e9ment \u00e0 l\u2019article L 223-2 du code de la consommation, nous vous informons que vous pouvez \u00e0 toute moment vous inscrire sur le site BLOCTEL sur la liste d\u2019opposition au d\u00e9marchage t\u00e9l\u00e9phonique.\n\t<\/p>\n<\/div><p style=\"display: none !important;\" class=\"akismet-fields-container\" data-prefix=\"_wpcf7_ak_\"><label>&#916;<textarea name=\"_wpcf7_ak_hp_textarea\" cols=\"45\" rows=\"8\" maxlength=\"100\"><\/textarea><\/label><input type=\"hidden\" id=\"ak_js_1\" name=\"_wpcf7_ak_js\" value=\"116\"\/><script type=\"text\/javascript\">\n\/* <![CDATA[ *\/\ndocument.getElementById( \"ak_js_1\" ).setAttribute( \"value\", ( new Date() ).getTime() );\n\/* ]]> *\/\n<\/script>\n<\/p><div class=\"wpcf7-response-output\" aria-hidden=\"true\"><\/div>\n<\/form>\n<\/div>\n            <\/div>\n\n        \t\t\t\t<\/div>\n\t\t\t\t<\/div>\n\t\t\t\t\t<\/div>\n\t\t<\/div>\n\t\t\t\t\t<\/div>\n\t\t<\/section>\n\t\t\t\t<\/div>\n\t\t","protected":false},"excerpt":{"rendered":"<p>Devis Besoin d&rsquo;un paysagiste \u00e0 Lens et ses environs ? Demandez un devis personnalis\u00e9 Vous recherchez un expert pour vos ext\u00e9rieurs ? Demandez d\u00e8s maintenant un devis gratuit et personnalis\u00e9 pour des services adapt\u00e9s \u00e0 vos besoins. Paysagiste \u00e0 Lens, Flanquart Services Espaces Verts, au service des particuliers et des<\/p>\n","protected":false},"author":38,"featured_media":0,"parent":0,"menu_order":0,"comment_status":"closed","ping_status":"closed","template":"","meta":{"footnotes":""},"class_list":["post-2014","page","type-page","status-publish","hentry"],"aioseo_notices":[],"_links":{"self":[{"href":"https:\/\/sarlflanquart-espacesverts.fr\/nov-apijson\/wp\/v2\/pages\/2014","targetHints":{"allow":["GET"]}}],"collection":[{"href":"https:\/\/sarlflanquart-espacesverts.fr\/nov-apijson\/wp\/v2\/pages"}],"about":[{"href":"https:\/\/sarlflanquart-espacesverts.fr\/nov-apijson\/wp\/v2\/types\/page"}],"author":[{"embeddable":true,"href":"https:\/\/sarlflanquart-espacesverts.fr\/nov-apijson\/wp\/v2\/users\/38"}],"replies":[{"embeddable":true,"href":"https:\/\/sarlflanquart-espacesverts.fr\/nov-apijson\/wp\/v2\/comments?post=2014"}],"version-history":[{"count":25,"href":"https:\/\/sarlflanquart-espacesverts.fr\/nov-apijson\/wp\/v2\/pages\/2014\/revisions"}],"predecessor-version":[{"id":2913,"href":"https:\/\/sarlflanquart-espacesverts.fr\/nov-apijson\/wp\/v2\/pages\/2014\/revisions\/2913"}],"wp:attachment":[{"href":"https:\/\/sarlflanquart-espacesverts.fr\/nov-apijson\/wp\/v2\/media?parent=2014"}],"curies":[{"name":"wp","href":"https:\/\/api.w.org\/{rel}","templated":true}]}}

<div data-elementor-type="wp-page" data-elementor-id="2014" class="elementor elementor-2014" data-elementor-post-type="page">
						<section class="elementor-section elementor-top-section elementor-element elementor-element-1b63ed92 elementor-section-height-min-height elementor-section-stretched elementor-section-full_width elementor-section-height-default elementor-section-items-middle wpr-particle-no wpr-jarallax-no wpr-parallax-no wpr-sticky-section-no wpr-equal-height-no" data-id="1b63ed92" data-element_type="section" data-e-type="section" data-settings="{&quot;stretch_section&quot;:&quot;section-stretched&quot;,&quot;background_background&quot;:&quot;classic&quot;}">
							<div class="elementor-background-overlay"></div>
							<div class="elementor-container elementor-column-gap-default">
					<div class="elementor-column elementor-col-100 elementor-top-column elementor-element elementor-element-3ea986e9" data-id="3ea986e9" data-element_type="column" data-e-type="column">
			<div class="elementor-widget-wrap elementor-element-populated">
						<div class="elementor-element elementor-element-5b083607 elementor-widget elementor-widget-heading" data-id="5b083607" data-element_type="widget" data-e-type="widget" data-widget_type="heading.default">
				<div class="elementor-widget-container">
					<span class="elementor-heading-title elementor-size-default"><a href="#">Devis</a></span>				</div>
				</div>
					</div>
		</div>
					</div>
		</section>
				<section class="elementor-section elementor-top-section elementor-element elementor-element-42e03daf elementor-section-content-middle elementor-section-stretched elementor-reverse-tablet elementor-reverse-mobile elementor-section-boxed elementor-section-height-default elementor-section-height-default wpr-particle-no wpr-jarallax-no wpr-parallax-no wpr-sticky-section-no wpr-equal-height-no" data-id="42e03daf" data-element_type="section" data-e-type="section" data-settings="{&quot;stretch_section&quot;:&quot;section-stretched&quot;}">
						<div class="elementor-container elementor-column-gap-default">
					<div class="elementor-column elementor-col-100 elementor-top-column elementor-element elementor-element-6428defe" data-id="6428defe" data-element_type="column" data-e-type="column">
			<div class="elementor-widget-wrap elementor-element-populated">
						<div class="elementor-element elementor-element-4189a75d elementor-widget elementor-widget-image" data-id="4189a75d" data-element_type="widget" data-e-type="widget" data-widget_type="image.default">
				<div class="elementor-widget-container">
															<img fetchpriority="high" decoding="async" width="218" height="241" src="https://sarlflanquart-espacesverts.fr/wp-content/uploads/2025/06/im.png" class="attachment-large size-large wp-image-2067" alt="Paysagiste à Lens – Guillaume Flanquart | Flanquart SEV" />															</div>
				</div>
				<div class="elementor-element elementor-element-42aff3a animated-slow elementor-invisible elementor-widget elementor-widget-heading" data-id="42aff3a" data-element_type="widget" data-e-type="widget" data-settings="{&quot;_animation&quot;:&quot;fadeInDown&quot;}" data-widget_type="heading.default">
				<div class="elementor-widget-container">
					<h1 class="elementor-heading-title elementor-size-default">Besoin d'un paysagiste à Lens et ses environs ? Demandez un devis personnalisé

</h1>				</div>
				</div>
				<div class="elementor-element elementor-element-1c2aba97 elementor-widget-divider--view-line_icon elementor-view-default elementor-widget-divider--element-align-center elementor-widget elementor-widget-divider" data-id="1c2aba97" data-element_type="widget" data-e-type="widget" data-widget_type="divider.default">
				<div class="elementor-widget-container">
							<div class="elementor-divider">
			<span class="elementor-divider-separator">
							<div class="elementor-icon elementor-divider__element">
					<i aria-hidden="true" class="fas fa-spa"></i></div>
						</span>
		</div>
						</div>
				</div>
				<div class="elementor-element elementor-element-6b432b90 elementor-widget elementor-widget-text-editor" data-id="6b432b90" data-element_type="widget" data-e-type="widget" data-widget_type="text-editor.default">
				<div class="elementor-widget-container">
									<p>Vous recherchez un expert pour vos extérieurs ? Demandez dès maintenant un devis gratuit et personnalisé pour des services adaptés à vos besoins. Paysagiste à Lens, Flanquart Services Espaces Verts, au service des particuliers et des professionnels dans toute la région.</p>								</div>
				</div>
				<div class="elementor-element elementor-element-b1136a3 elementor-widget elementor-widget-text-editor" data-id="b1136a3" data-element_type="widget" data-e-type="widget" data-widget_type="text-editor.default">
				<div class="elementor-widget-container">
									<p data-prosemirror-content-type="node" data-prosemirror-node-name="paragraph" data-prosemirror-node-block="true" data-pm-slice="1 1 []"><strong data-prosemirror-content-type="mark" data-prosemirror-mark-name="strong">Les devis sont réalisés uniquement sur rendez-vous.</strong><br data-prosemirror-content-type="node" data-prosemirror-node-name="hardBreak" data-prosemirror-node-inline="true" /><strong data-prosemirror-content-type="mark" data-prosemirror-mark-name="strong">Merci de ne pas envoyer de photos : une évaluation fiable nécessite une visite sur place.</strong></p>								</div>
				</div>
				<div class="elementor-element elementor-element-3c09dd9 elementor-widget elementor-widget-htcontactform-addons" data-id="3c09dd9" data-element_type="widget" data-e-type="widget" data-widget_type="htcontactform-addons.default">
				<div class="elementor-widget-container">
					            <div class="htcontact-form-wrapper" >
                
<div class="wpcf7 no-js" id="wpcf7-f2479-o1" lang="fr-FR" dir="ltr" data-wpcf7-id="2479">
<div class="screen-reader-response"><p role="status" aria-live="polite" aria-atomic="true"></p> <ul></ul></div>
<form action="/nov-apijson/wp/v2/pages/2014#wpcf7-f2479-o1" method="post" class="wpcf7-form init" aria-label="Formulaire de contact" novalidate="novalidate" data-status="init">
<fieldset class="hidden-fields-container"><input type="hidden" name="_wpcf7" value="2479" /><input type="hidden" name="_wpcf7_version" value="6.1.5" /><input type="hidden" name="_wpcf7_locale" value="fr_FR" /><input type="hidden" name="_wpcf7_unit_tag" value="wpcf7-f2479-o1" /><input type="hidden" name="_wpcf7_container_post" value="0" /><input type="hidden" name="_wpcf7_posted_data_hash" value="" />
</fieldset>
<div class="col-md-12">
	<p><span class="wpcf7-form-control-wrap" data-name="nom"><input size="40" maxlength="400" class="wpcf7-form-control wpcf7-text wpcf7-validates-as-required" aria-required="true" aria-invalid="false" placeholder="Nom*" value="" type="text" name="nom" /></span>
	</p>
</div>
<div class="col-md-12">
	<p><span class="wpcf7-form-control-wrap" data-name="email"><input size="40" maxlength="400" class="wpcf7-form-control wpcf7-email wpcf7-validates-as-required wpcf7-text wpcf7-validates-as-email" aria-required="true" aria-invalid="false" placeholder="Email*" value="" type="email" name="email" /></span>
	</p>
</div>
<div class="col-md-12">
	<p><span class="wpcf7-form-control-wrap" data-name="sujet"><input size="40" maxlength="400" class="wpcf7-form-control wpcf7-text wpcf7-validates-as-required" aria-required="true" aria-invalid="false" placeholder="Sujet*" value="" type="text" name="sujet" /></span>
	</p>
</div>
<div class="col-md-12">
	<p><label> Prestations<br />
<span class="wpcf7-form-control-wrap" data-name="select-686"><select class="wpcf7-form-control wpcf7-select wpcf7-validates-as-required" aria-required="true" aria-invalid="false" name="select-686"><option value="Entretien de jardin">Entretien de jardin</option><option value="Aménagement extérieur">Aménagement extérieur</option><option value="Gazon en rouleau">Gazon en rouleau</option><option value="Abattage d’arbres">Abattage d’arbres</option></select></span><br />
</label>
	</p>
</div>
<div class="col-md-12">
	<p><span class="wpcf7-form-control-wrap" data-name="message"><textarea cols="40" rows="10" maxlength="2000" class="wpcf7-form-control wpcf7-textarea wpcf7-validates-as-required" aria-required="true" aria-invalid="false" placeholder="Message*" name="message"></textarea></span>
	</p>
</div>
<div class="col-md-12">
	<p><span class="wpcf7-form-control-wrap" data-name="checkbox-979"><span class="wpcf7-form-control wpcf7-checkbox wpcf7-validates-as-required"><span class="wpcf7-list-item first last"><label><input type="checkbox" name="checkbox-979[]" value="En soumettant ce formulaire, j’accepte que les informations saisies soient exploitées dans le strict cadre de ma demande." /><span class="wpcf7-list-item-label">En soumettant ce formulaire, j’accepte que les informations saisies soient exploitées dans le strict cadre de ma demande.</span></label></span></span></span>
	</p>
</div>
<div class="col-md-12">
	<p><input class="wpcf7-form-control wpcf7-submit has-spinner" type="submit" value="Envoyer" />
	</p>
</div>
<div class="col-md-12 ml">
	<p>* Ces champs sont obligatoires
	</p>
	<p>Nous nous engageons à ce que la collecte et le traitement de vos données effectuées à partir du présent site internet soit conforme à la loi informatique et libertés et au règlement général sur la protection des données personnelles (RGPD). Afin d’exercer vos droits, notamment d’accès, de correction ou de retrait de vos données personnelles collectées via ce formulaire, consultez notre <a href="/politique-de-confidentialite">Politique de confidentialité</a>.
	</p>
	<p>Conformément à l’article L 223-2 du code de la consommation, nous vous informons que vous pouvez à toute moment vous inscrire sur le site BLOCTEL sur la liste d’opposition au démarchage téléphonique.
	</p>
</div><p style="display: none !important;" class="akismet-fields-container" data-prefix="_wpcf7_ak_"><label>&#916;<textarea name="_wpcf7_ak_hp_textarea" cols="45" rows="8" maxlength="100"></textarea></label><input type="hidden" id="ak_js_1" name="_wpcf7_ak_js" value="116"/><script type="text/javascript">
/* <![CDATA[ */
document.getElementById( "ak_js_1" ).setAttribute( "value", ( new Date() ).getTime() );
/* ]]> */
</script>
</p><div class="wpcf7-response-output" aria-hidden="true"></div>
</form>
</div>
            </div>

        				</div>
				</div>
					</div>
		</div>
					</div>
		</section>
				</div>

<p>Devis Besoin d&rsquo;un paysagiste à Lens et ses environs ? Demandez un devis personnalisé Vous recherchez un expert pour vos extérieurs ? Demandez dès maintenant un devis gratuit et personnalisé pour des services adaptés à vos besoins. Paysagiste à Lens, Flanquart Services Espaces Verts, au service des particuliers et des</p>
