{"id":2016,"date":"2025-06-10T10:20:23","date_gmt":"2025-06-10T08:20:23","guid":{"rendered":"https:\/\/sarlflanquart-espacesverts.fr\/?page_id=2016"},"modified":"2025-07-23T21:30:40","modified_gmt":"2025-07-23T19:30:40","slug":"actualites","status":"publish","type":"page","link":"https:\/\/sarlflanquart-espacesverts.fr\/actualites\/","title":{"rendered":"Actualit\u00e9s"},"content":{"rendered":"\t\t<div data-elementor-type=\"wp-page\" data-elementor-id=\"2016\" class=\"elementor elementor-2016\" data-elementor-post-type=\"page\">\n\t\t\t\t\t\t<section class=\"elementor-section elementor-top-section elementor-element elementor-element-1c9160ab elementor-section-height-min-height elementor-section-stretched elementor-section-full_width elementor-section-height-default elementor-section-items-middle wpr-particle-no wpr-jarallax-no wpr-parallax-no wpr-sticky-section-no wpr-equal-height-no\" data-id=\"1c9160ab\" data-element_type=\"section\" data-e-type=\"section\" data-settings=\"{&quot;stretch_section&quot;:&quot;section-stretched&quot;,&quot;background_background&quot;:&quot;classic&quot;}\">\n\t\t\t\t\t\t\t<div class=\"elementor-background-overlay\"><\/div>\n\t\t\t\t\t\t\t<div class=\"elementor-container elementor-column-gap-default\">\n\t\t\t\t\t<div class=\"elementor-column elementor-col-100 elementor-top-column elementor-element elementor-element-bbd92d7\" data-id=\"bbd92d7\" data-element_type=\"column\" data-e-type=\"column\">\n\t\t\t<div class=\"elementor-widget-wrap elementor-element-populated\">\n\t\t\t\t\t\t<div class=\"elementor-element elementor-element-32eab3c8 elementor-widget elementor-widget-heading\" data-id=\"32eab3c8\" data-element_type=\"widget\" data-e-type=\"widget\" data-widget_type=\"heading.default\">\n\t\t\t\t<div class=\"elementor-widget-container\">\n\t\t\t\t\t<span class=\"elementor-heading-title elementor-size-default\"><a href=\"#\">Actualit\u00e9s<\/a><\/span>\t\t\t\t<\/div>\n\t\t\t\t<\/div>\n\t\t\t\t\t<\/div>\n\t\t<\/div>\n\t\t\t\t\t<\/div>\n\t\t<\/section>\n\t\t\t\t<section class=\"elementor-section elementor-top-section elementor-element elementor-element-16e40f16 elementor-section-content-middle elementor-section-stretched elementor-reverse-tablet elementor-reverse-mobile elementor-section-boxed elementor-section-height-default elementor-section-height-default wpr-particle-no wpr-jarallax-no wpr-parallax-no wpr-sticky-section-no wpr-equal-height-no\" data-id=\"16e40f16\" data-element_type=\"section\" data-e-type=\"section\" data-settings=\"{&quot;stretch_section&quot;:&quot;section-stretched&quot;}\">\n\t\t\t\t\t\t<div class=\"elementor-container elementor-column-gap-default\">\n\t\t\t\t\t<div class=\"elementor-column elementor-col-100 elementor-top-column elementor-element elementor-element-3ac0a7a1\" data-id=\"3ac0a7a1\" data-element_type=\"column\" data-e-type=\"column\">\n\t\t\t<div class=\"elementor-widget-wrap elementor-element-populated\">\n\t\t\t\t\t\t<div class=\"elementor-element elementor-element-11b7f06f elementor-widget elementor-widget-image\" data-id=\"11b7f06f\" data-element_type=\"widget\" data-e-type=\"widget\" data-widget_type=\"image.default\">\n\t\t\t\t<div class=\"elementor-widget-container\">\n\t\t\t\t\t\t\t\t\t\t\t\t\t\t\t<img fetchpriority=\"high\" decoding=\"async\" width=\"218\" height=\"241\" src=\"https:\/\/sarlflanquart-espacesverts.fr\/wp-content\/uploads\/2025\/06\/im.png\" class=\"attachment-large size-large wp-image-2067\" alt=\"Paysagiste \u00e0 Lens \u2013 Guillaume Flanquart | Flanquart SEV\" \/>\t\t\t\t\t\t\t\t\t\t\t\t\t\t\t<\/div>\n\t\t\t\t<\/div>\n\t\t\t\t<div class=\"elementor-element elementor-element-3e72cf9d animated-slow elementor-invisible elementor-widget elementor-widget-heading\" data-id=\"3e72cf9d\" data-element_type=\"widget\" data-e-type=\"widget\" data-settings=\"{&quot;_animation&quot;:&quot;fadeInDown&quot;}\" data-widget_type=\"heading.default\">\n\t\t\t\t<div class=\"elementor-widget-container\">\n\t\t\t\t\t<h1 class=\"elementor-heading-title elementor-size-default\">Actualit\u00e9s \u2013 Flanquart Services Espaces Verts \u00e0 Lens et ses alentours\n\n\n<\/h1>\t\t\t\t<\/div>\n\t\t\t\t<\/div>\n\t\t\t\t<div class=\"elementor-element elementor-element-aa06d0c elementor-widget-divider--view-line_icon elementor-view-default elementor-widget-divider--element-align-center elementor-widget elementor-widget-divider\" data-id=\"aa06d0c\" data-element_type=\"widget\" data-e-type=\"widget\" data-widget_type=\"divider.default\">\n\t\t\t\t<div class=\"elementor-widget-container\">\n\t\t\t\t\t\t\t<div class=\"elementor-divider\">\n\t\t\t<span class=\"elementor-divider-separator\">\n\t\t\t\t\t\t\t<div class=\"elementor-icon elementor-divider__element\">\n\t\t\t\t\t<i aria-hidden=\"true\" class=\"fas fa-spa\"><\/i><\/div>\n\t\t\t\t\t\t<\/span>\n\t\t<\/div>\n\t\t\t\t\t\t<\/div>\n\t\t\t\t<\/div>\n\t\t\t\t<div class=\"elementor-element elementor-element-49179416 elementor-widget elementor-widget-text-editor\" data-id=\"49179416\" data-element_type=\"widget\" data-e-type=\"widget\" data-widget_type=\"text-editor.default\">\n\t\t\t\t<div class=\"elementor-widget-container\">\n\t\t\t\t\t\t\t\t\t<p>Bienvenue sur la page actualit\u00e9s de Flanquart Services Espaces Verts, votre paysagiste \u00e0 Lens et ses alentours. Suivez nos chantiers r\u00e9cents, conseils de saison, nouveaut\u00e9s en am\u00e9nagement paysager et l\u2019\u00e9volution de notre activit\u00e9 au service des particuliers et des professionnels.<\/p>\t\t\t\t\t\t\t\t<\/div>\n\t\t\t\t<\/div>\n\t\t\t\t<div class=\"elementor-element elementor-element-4a7894f elementor-posts--align-center elementor-grid-3 elementor-grid-tablet-2 elementor-grid-mobile-1 elementor-posts--thumbnail-top elementor-widget elementor-widget-posts\" data-id=\"4a7894f\" data-element_type=\"widget\" data-e-type=\"widget\" data-settings=\"{&quot;classic_columns&quot;:&quot;3&quot;,&quot;classic_columns_tablet&quot;:&quot;2&quot;,&quot;classic_columns_mobile&quot;:&quot;1&quot;,&quot;classic_row_gap&quot;:{&quot;unit&quot;:&quot;px&quot;,&quot;size&quot;:35,&quot;sizes&quot;:[]},&quot;classic_row_gap_tablet&quot;:{&quot;unit&quot;:&quot;px&quot;,&quot;size&quot;:&quot;&quot;,&quot;sizes&quot;:[]},&quot;classic_row_gap_mobile&quot;:{&quot;unit&quot;:&quot;px&quot;,&quot;size&quot;:&quot;&quot;,&quot;sizes&quot;:[]}}\" data-widget_type=\"posts.classic\">\n\t\t\t\t<div class=\"elementor-widget-container\">\n\t\t\t\t\t\t\t<div class=\"elementor-posts-container elementor-posts elementor-posts--skin-classic elementor-grid\" role=\"list\">\n\t\t\t\t<article class=\"elementor-post elementor-grid-item post-2538 post type-post status-publish format-standard has-post-thumbnail hentry category-par-defaut\" role=\"listitem\">\n\t\t\t\t<a class=\"elementor-post__thumbnail__link\" href=\"https:\/\/sarlflanquart-espacesverts.fr\/2025\/06\/11\/actualites-3\/\" tabindex=\"-1\" >\n\t\t\t<div class=\"elementor-post__thumbnail\"><img decoding=\"async\" width=\"700\" height=\"500\" src=\"https:\/\/sarlflanquart-espacesverts.fr\/wp-content\/uploads\/2025\/07\/img-nv16.jpg\" class=\"attachment-large size-large wp-image-2687\" alt=\"\" srcset=\"https:\/\/sarlflanquart-espacesverts.fr\/wp-content\/uploads\/2025\/07\/img-nv16.jpg 700w, https:\/\/sarlflanquart-espacesverts.fr\/wp-content\/uploads\/2025\/07\/img-nv16-300x214.jpg 300w\" sizes=\"(max-width: 700px) 100vw, 700px\" \/><\/div>\n\t\t<\/a>\n\t\t\t\t<div class=\"elementor-post__text\">\n\t\t\t\t<span class=\"elementor-post__title\">\n\t\t\t<a href=\"https:\/\/sarlflanquart-espacesverts.fr\/2025\/06\/11\/actualites-3\/\" >\n\t\t\t\tActualit\u00e9s\t\t\t<\/a>\n\t\t<\/span>\n\t\t\t\t<div class=\"elementor-post__excerpt\">\n\t\t\t<p>Retour Actualit\u00e9s Flanquart Services Espaces Verts<\/p>\n\t\t<\/div>\n\t\t\n\t\t<a class=\"elementor-post__read-more\" href=\"https:\/\/sarlflanquart-espacesverts.fr\/2025\/06\/11\/actualites-3\/\" aria-label=\"En savoir plus sur Actualit\u00e9s\" tabindex=\"-1\" >\n\t\t\tLire la suite \u00bb\t\t<\/a>\n\n\t\t\t\t<\/div>\n\t\t\t\t<\/article>\n\t\t\t\t<article class=\"elementor-post elementor-grid-item post-2532 post type-post status-publish format-standard has-post-thumbnail hentry category-par-defaut\" role=\"listitem\">\n\t\t\t\t<a class=\"elementor-post__thumbnail__link\" href=\"https:\/\/sarlflanquart-espacesverts.fr\/2025\/06\/11\/actualites-2\/\" tabindex=\"-1\" >\n\t\t\t<div class=\"elementor-post__thumbnail\"><img decoding=\"async\" width=\"700\" height=\"500\" src=\"https:\/\/sarlflanquart-espacesverts.fr\/wp-content\/uploads\/2025\/07\/img-nv12.jpg\" class=\"attachment-large size-large wp-image-2667\" alt=\"\" srcset=\"https:\/\/sarlflanquart-espacesverts.fr\/wp-content\/uploads\/2025\/07\/img-nv12.jpg 700w, https:\/\/sarlflanquart-espacesverts.fr\/wp-content\/uploads\/2025\/07\/img-nv12-300x214.jpg 300w\" sizes=\"(max-width: 700px) 100vw, 700px\" \/><\/div>\n\t\t<\/a>\n\t\t\t\t<div class=\"elementor-post__text\">\n\t\t\t\t<span class=\"elementor-post__title\">\n\t\t\t<a href=\"https:\/\/sarlflanquart-espacesverts.fr\/2025\/06\/11\/actualites-2\/\" >\n\t\t\t\tActualit\u00e9s\t\t\t<\/a>\n\t\t<\/span>\n\t\t\t\t<div class=\"elementor-post__excerpt\">\n\t\t\t<p>Retour Actualit\u00e9s Flanquart Services Espaces Verts<\/p>\n\t\t<\/div>\n\t\t\n\t\t<a class=\"elementor-post__read-more\" href=\"https:\/\/sarlflanquart-espacesverts.fr\/2025\/06\/11\/actualites-2\/\" aria-label=\"En savoir plus sur Actualit\u00e9s\" tabindex=\"-1\" >\n\t\t\tLire la suite \u00bb\t\t<\/a>\n\n\t\t\t\t<\/div>\n\t\t\t\t<\/article>\n\t\t\t\t<article class=\"elementor-post elementor-grid-item post-2520 post type-post status-publish format-standard has-post-thumbnail hentry category-par-defaut\" role=\"listitem\">\n\t\t\t\t<a class=\"elementor-post__thumbnail__link\" href=\"https:\/\/sarlflanquart-espacesverts.fr\/2025\/06\/11\/actualites\/\" tabindex=\"-1\" >\n\t\t\t<div class=\"elementor-post__thumbnail\"><img loading=\"lazy\" decoding=\"async\" width=\"700\" height=\"500\" src=\"https:\/\/sarlflanquart-espacesverts.fr\/wp-content\/uploads\/2025\/07\/img-nv18.jpg\" class=\"attachment-large size-large wp-image-2698\" alt=\"\" srcset=\"https:\/\/sarlflanquart-espacesverts.fr\/wp-content\/uploads\/2025\/07\/img-nv18.jpg 700w, https:\/\/sarlflanquart-espacesverts.fr\/wp-content\/uploads\/2025\/07\/img-nv18-300x214.jpg 300w\" sizes=\"(max-width: 700px) 100vw, 700px\" \/><\/div>\n\t\t<\/a>\n\t\t\t\t<div class=\"elementor-post__text\">\n\t\t\t\t<span class=\"elementor-post__title\">\n\t\t\t<a href=\"https:\/\/sarlflanquart-espacesverts.fr\/2025\/06\/11\/actualites\/\" >\n\t\t\t\tActualit\u00e9s\t\t\t<\/a>\n\t\t<\/span>\n\t\t\t\t<div class=\"elementor-post__excerpt\">\n\t\t\t<p>Retour Actualit\u00e9s Flanquart Services Espaces Verts<\/p>\n\t\t<\/div>\n\t\t\n\t\t<a class=\"elementor-post__read-more\" href=\"https:\/\/sarlflanquart-espacesverts.fr\/2025\/06\/11\/actualites\/\" aria-label=\"En savoir plus sur Actualit\u00e9s\" tabindex=\"-1\" >\n\t\t\tLire la suite \u00bb\t\t<\/a>\n\n\t\t\t\t<\/div>\n\t\t\t\t<\/article>\n\t\t\t\t<\/div>\n\t\t\n\t\t\t\t\t\t<\/div>\n\t\t\t\t<\/div>\n\t\t\t\t\t<\/div>\n\t\t<\/div>\n\t\t\t\t\t<\/div>\n\t\t<\/section>\n\t\t\t\t<\/div>\n\t\t","protected":false},"excerpt":{"rendered":"<p>Actualit\u00e9s Actualit\u00e9s \u2013 Flanquart Services Espaces Verts \u00e0 Lens et ses alentours Bienvenue sur la page actualit\u00e9s de Flanquart Services Espaces Verts, votre paysagiste \u00e0 Lens et ses alentours. Suivez nos chantiers r\u00e9cents, conseils de saison, nouveaut\u00e9s en am\u00e9nagement paysager et l\u2019\u00e9volution de notre activit\u00e9 au service des particuliers et<\/p>\n","protected":false},"author":38,"featured_media":0,"parent":0,"menu_order":0,"comment_status":"closed","ping_status":"closed","template":"","meta":{"footnotes":""},"class_list":["post-2016","page","type-page","status-publish","hentry"],"aioseo_notices":[],"_links":{"self":[{"href":"https:\/\/sarlflanquart-espacesverts.fr\/nov-apijson\/wp\/v2\/pages\/2016","targetHints":{"allow":["GET"]}}],"collection":[{"href":"https:\/\/sarlflanquart-espacesverts.fr\/nov-apijson\/wp\/v2\/pages"}],"about":[{"href":"https:\/\/sarlflanquart-espacesverts.fr\/nov-apijson\/wp\/v2\/types\/page"}],"author":[{"embeddable":true,"href":"https:\/\/sarlflanquart-espacesverts.fr\/nov-apijson\/wp\/v2\/users\/38"}],"replies":[{"embeddable":true,"href":"https:\/\/sarlflanquart-espacesverts.fr\/nov-apijson\/wp\/v2\/comments?post=2016"}],"version-history":[{"count":10,"href":"https:\/\/sarlflanquart-espacesverts.fr\/nov-apijson\/wp\/v2\/pages\/2016\/revisions"}],"predecessor-version":[{"id":3217,"href":"https:\/\/sarlflanquart-espacesverts.fr\/nov-apijson\/wp\/v2\/pages\/2016\/revisions\/3217"}],"wp:attachment":[{"href":"https:\/\/sarlflanquart-espacesverts.fr\/nov-apijson\/wp\/v2\/media?parent=2016"}],"curies":[{"name":"wp","href":"https:\/\/api.w.org\/{rel}","templated":true}]}}

Actualités

<div data-elementor-type="wp-page" data-elementor-id="2016" class="elementor elementor-2016" data-elementor-post-type="page">
						<section class="elementor-section elementor-top-section elementor-element elementor-element-1c9160ab elementor-section-height-min-height elementor-section-stretched elementor-section-full_width elementor-section-height-default elementor-section-items-middle wpr-particle-no wpr-jarallax-no wpr-parallax-no wpr-sticky-section-no wpr-equal-height-no" data-id="1c9160ab" data-element_type="section" data-e-type="section" data-settings="{&quot;stretch_section&quot;:&quot;section-stretched&quot;,&quot;background_background&quot;:&quot;classic&quot;}">
							<div class="elementor-background-overlay"></div>
							<div class="elementor-container elementor-column-gap-default">
					<div class="elementor-column elementor-col-100 elementor-top-column elementor-element elementor-element-bbd92d7" data-id="bbd92d7" data-element_type="column" data-e-type="column">
			<div class="elementor-widget-wrap elementor-element-populated">
						<div class="elementor-element elementor-element-32eab3c8 elementor-widget elementor-widget-heading" data-id="32eab3c8" data-element_type="widget" data-e-type="widget" data-widget_type="heading.default">
				<div class="elementor-widget-container">
					<span class="elementor-heading-title elementor-size-default"><a href="#">Actualités</a></span>				</div>
				</div>
					</div>
		</div>
					</div>
		</section>
				<section class="elementor-section elementor-top-section elementor-element elementor-element-16e40f16 elementor-section-content-middle elementor-section-stretched elementor-reverse-tablet elementor-reverse-mobile elementor-section-boxed elementor-section-height-default elementor-section-height-default wpr-particle-no wpr-jarallax-no wpr-parallax-no wpr-sticky-section-no wpr-equal-height-no" data-id="16e40f16" data-element_type="section" data-e-type="section" data-settings="{&quot;stretch_section&quot;:&quot;section-stretched&quot;}">
						<div class="elementor-container elementor-column-gap-default">
					<div class="elementor-column elementor-col-100 elementor-top-column elementor-element elementor-element-3ac0a7a1" data-id="3ac0a7a1" data-element_type="column" data-e-type="column">
			<div class="elementor-widget-wrap elementor-element-populated">
						<div class="elementor-element elementor-element-11b7f06f elementor-widget elementor-widget-image" data-id="11b7f06f" data-element_type="widget" data-e-type="widget" data-widget_type="image.default">
				<div class="elementor-widget-container">
															<img fetchpriority="high" decoding="async" width="218" height="241" src="https://sarlflanquart-espacesverts.fr/wp-content/uploads/2025/06/im.png" class="attachment-large size-large wp-image-2067" alt="Paysagiste à Lens – Guillaume Flanquart | Flanquart SEV" />															</div>
				</div>
				<div class="elementor-element elementor-element-3e72cf9d animated-slow elementor-invisible elementor-widget elementor-widget-heading" data-id="3e72cf9d" data-element_type="widget" data-e-type="widget" data-settings="{&quot;_animation&quot;:&quot;fadeInDown&quot;}" data-widget_type="heading.default">
				<div class="elementor-widget-container">
					<h1 class="elementor-heading-title elementor-size-default">Actualités – Flanquart Services Espaces Verts à Lens et ses alentours


</h1>				</div>
				</div>
				<div class="elementor-element elementor-element-aa06d0c elementor-widget-divider--view-line_icon elementor-view-default elementor-widget-divider--element-align-center elementor-widget elementor-widget-divider" data-id="aa06d0c" data-element_type="widget" data-e-type="widget" data-widget_type="divider.default">
				<div class="elementor-widget-container">
							<div class="elementor-divider">
			<span class="elementor-divider-separator">
							<div class="elementor-icon elementor-divider__element">
					<i aria-hidden="true" class="fas fa-spa"></i></div>
						</span>
		</div>
						</div>
				</div>
				<div class="elementor-element elementor-element-49179416 elementor-widget elementor-widget-text-editor" data-id="49179416" data-element_type="widget" data-e-type="widget" data-widget_type="text-editor.default">
				<div class="elementor-widget-container">
									<p>Bienvenue sur la page actualités de Flanquart Services Espaces Verts, votre paysagiste à Lens et ses alentours. Suivez nos chantiers récents, conseils de saison, nouveautés en aménagement paysager et l’évolution de notre activité au service des particuliers et des professionnels.</p>								</div>
				</div>
				<div class="elementor-element elementor-element-4a7894f elementor-posts--align-center elementor-grid-3 elementor-grid-tablet-2 elementor-grid-mobile-1 elementor-posts--thumbnail-top elementor-widget elementor-widget-posts" data-id="4a7894f" data-element_type="widget" data-e-type="widget" data-settings="{&quot;classic_columns&quot;:&quot;3&quot;,&quot;classic_columns_tablet&quot;:&quot;2&quot;,&quot;classic_columns_mobile&quot;:&quot;1&quot;,&quot;classic_row_gap&quot;:{&quot;unit&quot;:&quot;px&quot;,&quot;size&quot;:35,&quot;sizes&quot;:[]},&quot;classic_row_gap_tablet&quot;:{&quot;unit&quot;:&quot;px&quot;,&quot;size&quot;:&quot;&quot;,&quot;sizes&quot;:[]},&quot;classic_row_gap_mobile&quot;:{&quot;unit&quot;:&quot;px&quot;,&quot;size&quot;:&quot;&quot;,&quot;sizes&quot;:[]}}" data-widget_type="posts.classic">
				<div class="elementor-widget-container">
							<div class="elementor-posts-container elementor-posts elementor-posts--skin-classic elementor-grid" role="list">
				<article class="elementor-post elementor-grid-item post-2538 post type-post status-publish format-standard has-post-thumbnail hentry category-par-defaut" role="listitem">
				<a class="elementor-post__thumbnail__link" href="https://sarlflanquart-espacesverts.fr/2025/06/11/actualites-3/" tabindex="-1" >
			<div class="elementor-post__thumbnail"><img decoding="async" width="700" height="500" src="https://sarlflanquart-espacesverts.fr/wp-content/uploads/2025/07/img-nv16.jpg" class="attachment-large size-large wp-image-2687" alt="" srcset="https://sarlflanquart-espacesverts.fr/wp-content/uploads/2025/07/img-nv16.jpg 700w, https://sarlflanquart-espacesverts.fr/wp-content/uploads/2025/07/img-nv16-300x214.jpg 300w" sizes="(max-width: 700px) 100vw, 700px" /></div>
		</a>
				<div class="elementor-post__text">
				<span class="elementor-post__title">
			<a href="https://sarlflanquart-espacesverts.fr/2025/06/11/actualites-3/" >
				Actualités			</a>
		</span>
				<div class="elementor-post__excerpt">
			<p>Retour Actualités Flanquart Services Espaces Verts</p>
		</div>
		
		<a class="elementor-post__read-more" href="https://sarlflanquart-espacesverts.fr/2025/06/11/actualites-3/" aria-label="En savoir plus sur Actualités" tabindex="-1" >
			Lire la suite »		</a>

				</div>
				</article>
				<article class="elementor-post elementor-grid-item post-2532 post type-post status-publish format-standard has-post-thumbnail hentry category-par-defaut" role="listitem">
				<a class="elementor-post__thumbnail__link" href="https://sarlflanquart-espacesverts.fr/2025/06/11/actualites-2/" tabindex="-1" >
			<div class="elementor-post__thumbnail"><img decoding="async" width="700" height="500" src="https://sarlflanquart-espacesverts.fr/wp-content/uploads/2025/07/img-nv12.jpg" class="attachment-large size-large wp-image-2667" alt="" srcset="https://sarlflanquart-espacesverts.fr/wp-content/uploads/2025/07/img-nv12.jpg 700w, https://sarlflanquart-espacesverts.fr/wp-content/uploads/2025/07/img-nv12-300x214.jpg 300w" sizes="(max-width: 700px) 100vw, 700px" /></div>
		</a>
				<div class="elementor-post__text">
				<span class="elementor-post__title">
			<a href="https://sarlflanquart-espacesverts.fr/2025/06/11/actualites-2/" >
				Actualités			</a>
		</span>
				<div class="elementor-post__excerpt">
			<p>Retour Actualités Flanquart Services Espaces Verts</p>
		</div>
		
		<a class="elementor-post__read-more" href="https://sarlflanquart-espacesverts.fr/2025/06/11/actualites-2/" aria-label="En savoir plus sur Actualités" tabindex="-1" >
			Lire la suite »		</a>

				</div>
				</article>
				<article class="elementor-post elementor-grid-item post-2520 post type-post status-publish format-standard has-post-thumbnail hentry category-par-defaut" role="listitem">
				<a class="elementor-post__thumbnail__link" href="https://sarlflanquart-espacesverts.fr/2025/06/11/actualites/" tabindex="-1" >
			<div class="elementor-post__thumbnail"><img loading="lazy" decoding="async" width="700" height="500" src="https://sarlflanquart-espacesverts.fr/wp-content/uploads/2025/07/img-nv18.jpg" class="attachment-large size-large wp-image-2698" alt="" srcset="https://sarlflanquart-espacesverts.fr/wp-content/uploads/2025/07/img-nv18.jpg 700w, https://sarlflanquart-espacesverts.fr/wp-content/uploads/2025/07/img-nv18-300x214.jpg 300w" sizes="(max-width: 700px) 100vw, 700px" /></div>
		</a>
				<div class="elementor-post__text">
				<span class="elementor-post__title">
			<a href="https://sarlflanquart-espacesverts.fr/2025/06/11/actualites/" >
				Actualités			</a>
		</span>
				<div class="elementor-post__excerpt">
			<p>Retour Actualités Flanquart Services Espaces Verts</p>
		</div>
		
		<a class="elementor-post__read-more" href="https://sarlflanquart-espacesverts.fr/2025/06/11/actualites/" aria-label="En savoir plus sur Actualités" tabindex="-1" >
			Lire la suite »		</a>

				</div>
				</article>
				</div>
		
						</div>
				</div>
					</div>
		</div>
					</div>
		</section>
				</div>

<p>Actualités Actualités – Flanquart Services Espaces Verts à Lens et ses alentours Bienvenue sur la page actualités de Flanquart Services Espaces Verts, votre paysagiste à Lens et ses alentours. Suivez nos chantiers récents, conseils de saison, nouveautés en aménagement paysager et l’évolution de notre activité au service des particuliers et</p>
